rue
Is 1795 a composite number?
True
Is 984299 composite?
False
Is 25013 a prime number?
True
Is 175261 a composite number?
False
Is 15133 a prime number?
False
Is 4351 prime?
False
Is 21737 a prime number?
True
Is 242827 prime?
False
Is 96443 a prime number?
True
Is 452771 prime?
False
Is 57919 a composite number?
True
Is 1177 prime?
False
Is 412553 a prime number?
False
Is 11621 a prime number?
True
Is 193777 a prime number?
False
Is 2843 prime?
True
Is 132817 composite?
False
Is 511193 a prime number?
True
Is 36467 prime?
True
Is 151826 a composite number?
True
Is 46097 a prime number?
False
Is 5413 prime?
True
Is 648821 a prime number?
False
Is 132437 a composite number?
False
Is 1753 a composite number?
False
Is 3457 a composite number?
False
Is 7633 a composite number?
True
Is 13367 prime?
True
Is 154571 a prime number?
True
Is 348191 a prime number?
True
Is 54959 a prime number?
True
Is 69371 prime?
True
Is 6881 a prime number?
False
Is 5755 a composite number?
True
Is 415229 a prime number?
False
Is 159533 composite?
True
Is 8557 prime?
False
Is 98473 a prime number?
True
Is 53569 a prime number?
True
Is 258809 prime?
True
Is 11777 a prime number?
True
Is 3761 a composite number?
False
Is 1895479 a composite number?
False
Is 508789 prime?
True
Is 42641 a prime number?
True
Is 36293 composite?
False
Is 5053 composite?
True
Is 510437 a prime number?
False
Is 51941 composite?
False
Is 13001 a prime number?
True
Is 73109 a prime number?
False
Is 1991 prime?
False
Is 1923 prime?
False
Is 100511 prime?
True
Is 97423 a composite number?
False
Is 118153 a composite number?
True
Is 293429 a composite number?
True
Is 548239 a prime number?
True
Is 5669 a prime number?
True
Is 18353 a prime number?
True
Is 395 composite?
True
Is 41771 composite?
False
Is 311809 a composite number?
True
Is 8391 prime?
False
Is 2106089 prime?
True
Is 38429 prime?
False
Is 755 a composite number?
True
Is 112711 a composite number?
True
Is 39551 composite?
False
Is 24821 composite?
False
Is 12829 prime?
True
Is 89939 a prime number?
True
Is 2767 composite?
False
Is 39341 composite?
False
Is 211777 prime?
True
Is 452407 prime?
False
Is 600037 prime?
False
Is 16573 a prime number?
True
Is 1363889 a prime number?
False
Is 50327 a prime number?
False
Is 1922185 composite?
True
Is 1555863 a prime number?
False
Is 12239 a prime number?
True
Is 12601 prime?
True
Is 3841 a composite number?
True
Is 8173 prime?
False
Is 6499 a prime number?
False
Is 147541 composite?
False
Is 2624927 a composite number?
False
Is 409195 prime?
False
Is 127 a composite number?
False
Is 31301 composite?
True
Is 24454 a composite number?
True
Is 76207 composite?
False
Is 3163 prime?
True
Is 64709 a prime number?
True
Is 252533 composite?
False
Is 7949 a composite number?
False
Is 141101 composite?
False
Is 12319 a composite number?
True
Is 15859 a composite number?
False
Is 598411 prime?
False
Is 124529 a composite number?
False
Is 586 a composite number?
True
Is 228647 composite?
False
Is 81429 a prime number?
False
Is 45007 a composite number?
False
Is 8057 a composite number?
True
Is 194603 a composite number?
True
Is 101769 a composite number?
True
Is 458309 a prime number?
True
Is 762529 prime?
True
Is 1342833 prime?
False
Is 245695 composite?
True
Is 190901 prime?
True
Is 7079 a composite number?
False
Is 2899 a composite number?
True
Is 7217 a composite number?
True
Is 970223 a prime number?
False
Is 183461 a composite number?
False
Is 778633 composite?
False
Is 53518 a composite number?
True
Is 15769 prime?
False
Is 226907 composite?
False
Is 43159 prime?
True
Is 4391 prime?
True
Is 343301 a composite number?
True
Is 24169 composite?
False
Is 71462 a prime number?
False
Is 326335 prime?
False
Is 113189 prime?
True
Is 6197 a composite number?
False
Is 2278957 composite?
True
Is 1662667 a composite number?
False
Is 19121 a prime number?
True
Is 118381 prime?
False
Is 39279 a composite number?
True
Is 1378733 prime?
True
Is 184657 prime?
False
Is 2095 a prime number?
False
Is 24659 composite?
False
Is 221509 prime?
True
Is 993821 a prime number?
True
Is 129277 a prime number?
True
Is 1894 composite?
True
Is 526249 a composite number?
False
Is 7903 a composite number?
True
Is 1259 a prime number?
True
Is 21877 composite?
True
Is 13339 a prime number?
True
Is 1262269 a composite number?
False
Is 2719 composite?
False
Is 647833 a composite number?
True
Is 7313 composite?
True
Is 627329 a prime number?
True
Is 10831 a prime number?
True
Is 20719 prime?
True
Is 55799 prime?
True
Is 109067 a prime number?
False
Is 1039 prime?
True
Is 171257 prime?
False
Is 5557 composite?
False
Is 127039 prime?
False
Is 38299 a composite number?
False
Is 31531 a composite number?
False
Is 157007 prime?
True
Is 1935509 a prime number?
True
Is 17741 a composite number?
True
Is 961 composite?
True
Is 18413 a prime number?
True
Is 49663 a composite number?
False
Is 269 prime?
True
Is 4151 a composite number?
True
Is 60337 composite?
False
Is 202277 a prime number?
True
Is 321007 a composite number?
False
Is 2357 a composite number?
False
Is 10358 composite?
True
Is 15883 composite?
True
Is 5017 prime?
False
Is 757749 a prime number?
False
Is 1669571 composite?
False
Is 993 a prime number?
False
Is 6059 a composite number?
True
Is 133769 composite?
False
Is 284381 composite?
True
Is 3247 a composite number?
True
Is 832771 composite?
False
Is 621233 a composite number?
True
Is 1823137 a prime number?
False
Is 561529 a composite number?
False
Is 410383 a composite number?
False
Is 74083 a prime number?
False
Is 1808641 prime?
False
Is 18947 a composite number?
False
Is 197159 prime?
True
Is 225361 prime?
False
Is 75931 composite?
False
Is 42821 a prime number?
True
Is 45233 a prime number?
True
Is 2176771 composite?
False
Is 17231 composite?
False
Is 4033 composite?
True
Is 207169 prime?
True
Is 142223 a composite number?
False
Is 2380445 a prime number?
False
Is 591461 composite?
True
Is 278143 a prime number?
True
Is 4201 a prime number?
True
Is 109601 a prime number?
False
Is 3544559 a prime number?
True
Is 464521 prime?
True
Is 1578077 a prime number?
True
Is 19529 prime?
False
Is 367819 prime?
True
Is 10223 a composite number?
False
Is 693415 prime?
False
Is 50723 a composite number?
False
Is 17737 composite?
False
Is 6697 a composite number?
True
Is 106447 prime?
False
Is 9079 a prime number?
False
Is 66419 prime?
False
Is 124715 composite?
True
Is 7031 composite?
True
Is 8903 a prime number?
False
Is 11657 a composite number?
False
Is 69205 a composite number?
True
Is 743 prime?
True
Is 62209 a composite number?
True
Is 4201 prime?
True
Is 62803 a prime number?
False
Is 2911 a prime number?
False
Is 13745 a composite number?
True
Is 38903 composite?
False
Is 7069 prime?
True
Is 366547 prime?
True
Is 2021 prime?
False
Is 1055885 prime?
False
Is 2581 composite?
True
Is 20467 composite?
True
Is 149893 prime?
True
Is 4138 prime?
False
Is 125093 composite?
False
Is 4621 composite?
False
Is 1761 prime?
False
Is 2819 a prime number?
True
Is 11113 prime?
True
Is 383459 composite?
False
Is 1685487 prime?
False
Is 97339 a composite number?
True
Is 8039 prime?
True
Is 647 a prime number?
True
Is 554923 a composite number?
False
Is 25391 prime?
True
Is 118571 prime?
True
Is 1567 a prime number?
True
Is 45757 prime?
True
Is 6467 a composite number?
True
Is 32831 a prime number?
True
Is 97471 prime?
False
Is 150359 a composite number?
True
Is 1587271 composite?
True
Is 50845 a composite number?
True
Is 51011 a prime number?
False
Is 5806 a composite number?
True
Is 86539 a prime number?
True
Is 25103 a composite number?
True
Is 24223 prime?
True
Is 13835 a prime number?
False
Is 71219 prime?
False
Is 13631 composite?
True
Is 20477 a prime number?
True
Is 38317 composite?
False
Is 289211 a composite number?
True
Is 3199 a composite number?
True
Is 4889 prime?
True
Is 11463 composite?
True
Is 1335485 composite?
True
Is 5981 composite?
False
Is 38263 prime?
False
Is 97201 prime?
False
Is 51703 a composite number?
True
Is 68023 prime?
True
Is 21506 composite?
True
Is 3203 a prime number?
True
Is 1042 a prime number?
False
Is 17503 prime?
False
Is 93505 prime?
False
Is 469346 prime?
False
Is 9287 a composite number?
True
Is 838